t of 66317?
6
What is the tens digit of 47416?
1
What is the thousands digit of 67594?
7
What is the ten thousands digit of 20879?
2
What is the hundreds digit of 63510?
5
What is the ten thousands digit of 10712?
1
What is the tens digit of 14883?
8
What is the ten thousands digit of 15031?
1
What is the thousands digit of 1168?
1
What is the units digit of 20250?
0
What is the ten thousands digit of 21807?
2
What is the units digit of 21367?
7
What is the tens digit of 91295?
9
What is the units digit of 11413?
3
What is the tens digit of 49714?
1
What is the tens digit of 18395?
9
What is the ten thousands digit of 20128?
2
What is the hundreds digit of 17683?
6
What is the tens digit of 159379?
7
What is the thousands digit of 1943?
1
What is the hundreds digit of 579?
5
What is the tens digit of 10041?
4
What is the tens digit of 1051?
5
What is the ten thousands digit of 13245?
1
What is the hundreds digit of 961?
9
What is the thousands digit of 39421?
9
What is the units digit of 25?
5
What is the units digit of 26162?
2
What is the hundreds digit of 4061?
0
What is the thousands digit of 2500?
2
What is the tens digit of 4479?
7
What is the hundreds digit of 736?
7
What is the units digit of 52691?
1
What is the thousands digit of 23908?
3
What is the hundreds digit of 5023?
0
What is the units digit of 2131?
1
What is the tens digit of 1434?
3
What is the hundreds digit of 888?
8
What is the hundreds digit of 60954?
9
What is the tens digit of 460?
6
What is the thousands digit of 1865?
1
What is the hundreds digit of 8328?
3
What is the tens digit of 99291?
9
What is the tens digit of 1557?
5
What is the hundreds digit of 1123?
1
What is the tens digit of 1682?
8
What is the hundreds digit of 3897?
8
What is the units digit of 285?
5
What is the tens digit of 6083?
8
What is the tens digit of 366?
6
What is the hundreds digit of 5374?
3
What is the hundreds digit of 408?
4
What is the units digit of 1272?
2
What is the hundreds digit of 6806?
8
What is the thousands digit of 12420?
2
What is the tens digit of 57897?
9
What is the units digit of 8647?
7
What is the tens digit of 717?
1
What is the thousands digit of 81269?
1
What is the tens digit of 45832?
3
What is the units digit of 8228?
8
What is the units digit of 56342?
2
What is the ten thousands digit of 16497?
1
What is the tens digit of 489?
8
What is the units digit of 7243?
3
What is the units digit of 9128?
8
What is the units digit of 467?
7
What is the hundreds digit of 81269?
2
What is the tens digit of 257?
5
What is the thousands digit of 21787?
1
What is the tens digit of 103218?
1
What is the units digit of 44374?
4
What is the tens digit of 4966?
6
What is the hundreds digit of 1262?
2
What is the tens digit of 3570?
7
What is the tens digit of 926?
2
What is the units digit of 1855?
5
What is the tens digit of 64181?
8
What is the tens digit of 4624?
2
What is the tens digit of 3532?
3
What is the tens digit of 750?
5
What is the thousands digit of 21593?
1
What is the tens digit of 950?
5
What is the ten thousands digit of 106494?
0
What is the tens digit of 650?
5
What is the units digit of 485?
5
What is the ten thousands digit of 25701?
2
What is the thousands digit of 9681?
9
What is the units digit of 216?
6
What is the tens digit of 5144?
4
What is the units digit of 506?
6
What is the tens digit of 319?
1
What is the ten thousands digit of 12585?
1
What is the units digit of 695?
5
What is the units digit of 6815?
5
What is the tens digit of 2050?
5
What is the units digit of 2935?
5
What is the tens digit of 4518?
1
What is the tens digit of 15512?
1
What is the hundreds digit of 668?
6
What is the units digit of 81747?
7
What is the tens digit of 51550?
5
What is the units digit of 2917?
7
What is the hundreds digit of 22328?
3
What is the thousands digit of 17810?
7
What is the thousands digit of 9198?
9
What is the tens digit of 499?
9
What is the tens digit of 11836?
3
What is the units digit of 29546?
6
What is the units digit of 28614?
4
What is the thousands digit of 1586?
1
What is the tens digit of 7930?
3
What is the thousands digit of 27855?
7
What is the thousands digit of 11083?
1
What is the tens digit of 49340?
4
What is the tens digit of 49014?
1
What is the hundreds digit of 1554?
5
What is the thousands digit of 1075?
1
What is the tens digit of 6716?
1
What is the tens digit of 9180?
8
What is the units digit of 4042?
2
What is the units digit of 4176?
6
What is the units digit of 3852?
2
What is the units digit of 2718?
8
What is the thousands digit of 4695?
4
What is the thousands digit of 7423?
7
What is the units digit of 500?
0
What is the tens digit of 7623?
2
What is the hundreds digit of 542?
5
What is the tens digit of 1629?
2
What is the units digit of 51495?
5
What is the tens digit of 7370?
7
What is the hundreds digit of 325?
3
What is the tens digit of 23508?
0
What is the ten thousands digit of 39617?
3
What is the hundreds digit of 854?
8
What is the hundreds digit of 35459?
4
What is the units digit of 1469?
9
What is the tens digit of 972?
7
What is the tens digit of 1999?
9
What is the thousands digit of 1789?
1
What is the thousands digit of 4050?
4
What is the tens digit of 467?
6
What is the units digit of 18118?
8
What is the thousands digit of 2192?
2
What is the units digit of 6705?
5
What is the hundreds digit of 29258?
2
What is the thousands digit of 28478?
8
What is the tens digit of 158?
5
What is the tens digit of 3363?
6
What is the tens digit of 37126?
2
What is the ten thousands digit of 70659?
7
What is the thousands digit of 9076?
9
What is the hundreds digit of 373?
3
What is the tens digit of 853?
5
What is the hundreds digit of 29373?
3
What is the hundreds digit of 1961?
9
What is the ten thousands digit of 32968?
3
What is the units digit of 1604?
4
What is the hundreds digit of 9676?
6
What is the tens digit of 388?
8
What is the tens digit of 74752?
5
What is the ten thousands digit of 48427?
4
What is the hundreds digit of 3276?
2
What is the tens digit of 2277?
7
What is the tens digit of 157?
5
What is the hundreds digit of 2344?
3
What is the thousands digit of 69638?
9
What is the thousands digit of 11881?
1
What is the ten thousands digit of 15865?
1
What is the tens digit of 6638?
3
What is the thousands digit of 12095?
2
What is the thousands digit of 1655?
1
What is the thousands digit of 16920?
6
What is the tens digit of 1701?
0
What is the units digit of 59928?
8
What is the tens digit of 13462?
6
What is the thousands digit of 10851?
0
What is the ten thousands digit of 35122?
3
What is the thousands digit of 2928?
2
What is the units digit of 4741?
1
What is the hundreds digit of 47175?
1
What is the ten thousands digit of 36827?
3
What is the units digit of 87?
7
What is the tens digit of 40?
4
What is the tens digit of 6988?
8
What is the ten thousands digit of 23688?
2
What is the thousands digit of 1691?
1
What is the hundreds digit of 134578?
5
What is the tens digit of 24215?
1
What is the hundreds digit of 19884?
8
What is the hundreds digit of 1469?
4
What is the hundreds digit of 525?
5
What is the units digit of 7971?
1
What is the thousands digit of 6290?
6
What is the tens digit of 35308?
0
What is the units digit of 2472?
2
What is the hundreds digit of 609?
6
What is the tens digit of 265?
6
What is the units digit of 277?
7
What is the thousands digit of 27612?
7
What is the thousands digit of 11381?
1
What is the units digit of 6390?
0
What is the hundreds digit of 215?
2
What is the tens digit of 6505?
0
What is the tens digit of 158062?
6
What is the ten thousands digit of 11903?
1
What is the units digit of 9759?
9
What is the units digit of 36956?
6
What is the hundreds digit of 483?
4
What is the units digit of 3757?
7
What is the hundreds digit of 8604?
6
What is the units digit of 745?
5
What is the tens digit of 323?
2
What is the hundreds digit of 21765?
7
What is the units digit of 2936?
6
What is the hundreds digit of 26381?
3
What is the tens digit of 5198?
9
What is the units digit of 1079?
9
What is the tens digit of 3899?
9
What is the hundreds digit of 3606?
6
What is the units digit of 74?
4
What is the tens digit of 1181?
8
What is the hun